{"id":1432,"date":"2025-12-09T12:04:23","date_gmt":"2025-12-09T11:04:23","guid":{"rendered":"https:\/\/projetweb.site\/holtersuppliessas\/?post_type=product&#038;p=1432"},"modified":"2026-01-08T14:02:56","modified_gmt":"2026-01-08T13:02:56","slug":"dongle-a-jetons-danalyse-avec-10-analyses-incluses","status":"publish","type":"product","link":"https:\/\/projetweb.site\/holtersuppliessas\/produit\/dongle-a-jetons-danalyse-avec-10-analyses-incluses\/","title":{"rendered":"Dongle \u00e0 jetons d&#8217;analyse avec 10 analyses incluses"},"content":{"rendered":"<p>Le dongle \u00e0 jetons d\u2019analyse permet de d\u00e9bloquer des analyses ECG suppl\u00e9mentaires directement dans le logiciel Quick Reader. Chaque dongle int\u00e8gre un cr\u00e9dit de 10 analyses, offrant une solution flexible et s\u00e9curis\u00e9e pour adapter le volume d\u2019interpr\u00e9tation aux besoins du cabinet ou du service. Ce syst\u00e8me garantit un contr\u00f4le pr\u00e9cis de l\u2019utilisation tout en assurant la continuit\u00e9 de l\u2019activit\u00e9 clinique.<\/p>\n","protected":false},"excerpt":{"rendered":"<p>Le dongle \u00e0 jetons d\u2019analyse permet de d\u00e9bloquer des analyses ECG suppl\u00e9mentaires directement dans le logiciel Quick Reader. Chaque dongle int\u00e8gre un cr\u00e9dit de 10 analyses, offrant une solution flexible et s\u00e9curis\u00e9e pour adapter le volume d\u2019interpr\u00e9tation aux besoins du cabinet ou du service. Ce syst\u00e8me garantit un contr\u00f4le pr\u00e9cis de l\u2019utilisation tout en assurant [&hellip;]<\/p>\n","protected":false},"featured_media":1433,"comment_status":"open","ping_status":"closed","template":"","meta":{"_jet_sm_ready_style":"","_jet_sm_style":"","_jet_sm_controls_values":"","_jet_sm_fonts_collection":"","_jet_sm_fonts_links":""},"product_brand":[],"product_cat":[15,39,23,27],"product_tag":[],"class_list":{"0":"post-1432","1":"product","2":"type-product","3":"status-publish","4":"has-post-thumbnail","6":"product_cat-ecg","7":"product_cat-jetons-danalyse","8":"product_cat-logiciel-quick-reader","9":"product_cat-prestations","11":"first","12":"instock","13":"shipping-taxable","14":"purchasable","15":"product-type-simple"},"yoast_head":"<!-- This site is optimized with the Yoast SEO plugin v26.7 - https:\/\/yoast.com\/wordpress\/plugins\/seo\/ -->\n<title>Dongle \u00e0 jetons d&#039;analyse avec 10 analyses incluses - Holter Supplies SAS<\/title>\n<meta name=\"robots\" content=\"index, follow, max-snippet:-1, max-image-preview:large, max-video-preview:-1\" \/>\n<link rel=\"canonical\" href=\"https:\/\/projetweb.site\/holtersuppliessas\/produit\/dongle-a-jetons-danalyse-avec-10-analyses-incluses\/\" \/>\n<meta property=\"og:locale\" content=\"fr_FR\" \/>\n<meta property=\"og:type\" content=\"article\" \/>\n<meta property=\"og:title\" content=\"Dongle \u00e0 jetons d&#039;analyse avec 10 analyses incluses - Holter Supplies SAS\" \/>\n<meta property=\"og:description\" content=\"Le dongle \u00e0 jetons d\u2019analyse permet de d\u00e9bloquer des analyses ECG suppl\u00e9mentaires directement dans le logiciel Quick Reader. Chaque dongle int\u00e8gre un cr\u00e9dit de 10 analyses, offrant une solution flexible et s\u00e9curis\u00e9e pour adapter le volume d\u2019interpr\u00e9tation aux besoins du cabinet ou du service. Ce syst\u00e8me garantit un contr\u00f4le pr\u00e9cis de l\u2019utilisation tout en assurant [&hellip;]\" \/>\n<meta property=\"og:url\" content=\"https:\/\/projetweb.site\/holtersuppliessas\/produit\/dongle-a-jetons-danalyse-avec-10-analyses-incluses\/\" \/>\n<meta property=\"og:site_name\" content=\"Holter Supplies SAS\" \/>\n<meta property=\"article:modified_time\" content=\"2026-01-08T13:02:56+00:00\" \/>\n<meta property=\"og:image\" content=\"https:\/\/projetweb.site\/holtersuppliessas\/wp-content\/uploads\/2026\/01\/Dongle-02-scaled.jpg\" \/>\n\t<meta property=\"og:image:width\" content=\"2560\" \/>\n\t<meta property=\"og:image:height\" content=\"2560\" \/>\n\t<meta property=\"og:image:type\" content=\"image\/jpeg\" \/>\n<meta name=\"twitter:card\" content=\"summary_large_image\" \/>\n<script type=\"application\/ld+json\" class=\"yoast-schema-graph\">{\"@context\":\"https:\/\/schema.org\",\"@graph\":[{\"@type\":\"WebPage\",\"@id\":\"https:\/\/projetweb.site\/holtersuppliessas\/produit\/dongle-a-jetons-danalyse-avec-10-analyses-incluses\/\",\"url\":\"https:\/\/projetweb.site\/holtersuppliessas\/produit\/dongle-a-jetons-danalyse-avec-10-analyses-incluses\/\",\"name\":\"Dongle \u00e0 jetons d'analyse avec 10 analyses incluses - Holter Supplies SAS\",\"isPartOf\":{\"@id\":\"https:\/\/projetweb.site\/holtersuppliessas\/#website\"},\"primaryImageOfPage\":{\"@id\":\"https:\/\/projetweb.site\/holtersuppliessas\/produit\/dongle-a-jetons-danalyse-avec-10-analyses-incluses\/#primaryimage\"},\"image\":{\"@id\":\"https:\/\/projetweb.site\/holtersuppliessas\/produit\/dongle-a-jetons-danalyse-avec-10-analyses-incluses\/#primaryimage\"},\"thumbnailUrl\":\"https:\/\/projetweb.site\/holtersuppliessas\/wp-content\/uploads\/2026\/01\/Dongle-02-scaled.jpg\",\"datePublished\":\"2025-12-09T11:04:23+00:00\",\"dateModified\":\"2026-01-08T13:02:56+00:00\",\"breadcrumb\":{\"@id\":\"https:\/\/projetweb.site\/holtersuppliessas\/produit\/dongle-a-jetons-danalyse-avec-10-analyses-incluses\/#breadcrumb\"},\"inLanguage\":\"fr-FR\",\"potentialAction\":[{\"@type\":\"ReadAction\",\"target\":[\"https:\/\/projetweb.site\/holtersuppliessas\/produit\/dongle-a-jetons-danalyse-avec-10-analyses-incluses\/\"]}]},{\"@type\":\"ImageObject\",\"inLanguage\":\"fr-FR\",\"@id\":\"https:\/\/projetweb.site\/holtersuppliessas\/produit\/dongle-a-jetons-danalyse-avec-10-analyses-incluses\/#primaryimage\",\"url\":\"https:\/\/projetweb.site\/holtersuppliessas\/wp-content\/uploads\/2026\/01\/Dongle-02-scaled.jpg\",\"contentUrl\":\"https:\/\/projetweb.site\/holtersuppliessas\/wp-content\/uploads\/2026\/01\/Dongle-02-scaled.jpg\",\"width\":2560,\"height\":2560},{\"@type\":\"BreadcrumbList\",\"@id\":\"https:\/\/projetweb.site\/holtersuppliessas\/produit\/dongle-a-jetons-danalyse-avec-10-analyses-incluses\/#breadcrumb\",\"itemListElement\":[{\"@type\":\"ListItem\",\"position\":1,\"name\":\"Accueil\",\"item\":\"https:\/\/projetweb.site\/holtersuppliessas\/\"},{\"@type\":\"ListItem\",\"position\":2,\"name\":\"Boutique\",\"item\":\"https:\/\/projetweb.site\/holtersuppliessas\/boutique\/\"},{\"@type\":\"ListItem\",\"position\":3,\"name\":\"Dongle \u00e0 jetons d&#8217;analyse avec 10 analyses incluses\"}]},{\"@type\":\"WebSite\",\"@id\":\"https:\/\/projetweb.site\/holtersuppliessas\/#website\",\"url\":\"https:\/\/projetweb.site\/holtersuppliessas\/\",\"name\":\"Holter Supplies SAS\",\"description\":\"\",\"publisher\":{\"@id\":\"https:\/\/projetweb.site\/holtersuppliessas\/#organization\"},\"potentialAction\":[{\"@type\":\"SearchAction\",\"target\":{\"@type\":\"EntryPoint\",\"urlTemplate\":\"https:\/\/projetweb.site\/holtersuppliessas\/?s={search_term_string}\"},\"query-input\":{\"@type\":\"PropertyValueSpecification\",\"valueRequired\":true,\"valueName\":\"search_term_string\"}}],\"inLanguage\":\"fr-FR\"},{\"@type\":\"Organization\",\"@id\":\"https:\/\/projetweb.site\/holtersuppliessas\/#organization\",\"name\":\"Holter Supplies SAS\",\"url\":\"https:\/\/projetweb.site\/holtersuppliessas\/\",\"logo\":{\"@type\":\"ImageObject\",\"inLanguage\":\"fr-FR\",\"@id\":\"https:\/\/projetweb.site\/holtersuppliessas\/#\/schema\/logo\/image\/\",\"url\":\"https:\/\/projetweb.site\/holtersuppliessas\/wp-content\/uploads\/2025\/12\/cropped-logo-holter-supplies@2x.webp\",\"contentUrl\":\"https:\/\/projetweb.site\/holtersuppliessas\/wp-content\/uploads\/2025\/12\/cropped-logo-holter-supplies@2x.webp\",\"width\":512,\"height\":512,\"caption\":\"Holter Supplies SAS\"},\"image\":{\"@id\":\"https:\/\/projetweb.site\/holtersuppliessas\/#\/schema\/logo\/image\/\"},\"sameAs\":[\"https:\/\/www.linkedin.com\/company\/holter-supplies-sas\/\",\"https:\/\/www.youtube.com\/@holtersupplies3740\"]}]}<\/script>\n<!-- \/ Yoast SEO plugin. -->","yoast_head_json":{"title":"Dongle \u00e0 jetons d'analyse avec 10 analyses incluses - Holter Supplies SAS","robots":{"index":"index","follow":"follow","max-snippet":"max-snippet:-1","max-image-preview":"max-image-preview:large","max-video-preview":"max-video-preview:-1"},"canonical":"https:\/\/projetweb.site\/holtersuppliessas\/produit\/dongle-a-jetons-danalyse-avec-10-analyses-incluses\/","og_locale":"fr_FR","og_type":"article","og_title":"Dongle \u00e0 jetons d'analyse avec 10 analyses incluses - Holter Supplies SAS","og_description":"Le dongle \u00e0 jetons d\u2019analyse permet de d\u00e9bloquer des analyses ECG suppl\u00e9mentaires directement dans le logiciel Quick Reader. Chaque dongle int\u00e8gre un cr\u00e9dit de 10 analyses, offrant une solution flexible et s\u00e9curis\u00e9e pour adapter le volume d\u2019interpr\u00e9tation aux besoins du cabinet ou du service. Ce syst\u00e8me garantit un contr\u00f4le pr\u00e9cis de l\u2019utilisation tout en assurant [&hellip;]","og_url":"https:\/\/projetweb.site\/holtersuppliessas\/produit\/dongle-a-jetons-danalyse-avec-10-analyses-incluses\/","og_site_name":"Holter Supplies SAS","article_modified_time":"2026-01-08T13:02:56+00:00","og_image":[{"width":2560,"height":2560,"url":"https:\/\/projetweb.site\/holtersuppliessas\/wp-content\/uploads\/2026\/01\/Dongle-02-scaled.jpg","type":"image\/jpeg"}],"twitter_card":"summary_large_image","schema":{"@context":"https:\/\/schema.org","@graph":[{"@type":"WebPage","@id":"https:\/\/projetweb.site\/holtersuppliessas\/produit\/dongle-a-jetons-danalyse-avec-10-analyses-incluses\/","url":"https:\/\/projetweb.site\/holtersuppliessas\/produit\/dongle-a-jetons-danalyse-avec-10-analyses-incluses\/","name":"Dongle \u00e0 jetons d'analyse avec 10 analyses incluses - Holter Supplies SAS","isPartOf":{"@id":"https:\/\/projetweb.site\/holtersuppliessas\/#website"},"primaryImageOfPage":{"@id":"https:\/\/projetweb.site\/holtersuppliessas\/produit\/dongle-a-jetons-danalyse-avec-10-analyses-incluses\/#primaryimage"},"image":{"@id":"https:\/\/projetweb.site\/holtersuppliessas\/produit\/dongle-a-jetons-danalyse-avec-10-analyses-incluses\/#primaryimage"},"thumbnailUrl":"https:\/\/projetweb.site\/holtersuppliessas\/wp-content\/uploads\/2026\/01\/Dongle-02-scaled.jpg","datePublished":"2025-12-09T11:04:23+00:00","dateModified":"2026-01-08T13:02:56+00:00","breadcrumb":{"@id":"https:\/\/projetweb.site\/holtersuppliessas\/produit\/dongle-a-jetons-danalyse-avec-10-analyses-incluses\/#breadcrumb"},"inLanguage":"fr-FR","potentialAction":[{"@type":"ReadAction","target":["https:\/\/projetweb.site\/holtersuppliessas\/produit\/dongle-a-jetons-danalyse-avec-10-analyses-incluses\/"]}]},{"@type":"ImageObject","inLanguage":"fr-FR","@id":"https:\/\/projetweb.site\/holtersuppliessas\/produit\/dongle-a-jetons-danalyse-avec-10-analyses-incluses\/#primaryimage","url":"https:\/\/projetweb.site\/holtersuppliessas\/wp-content\/uploads\/2026\/01\/Dongle-02-scaled.jpg","contentUrl":"https:\/\/projetweb.site\/holtersuppliessas\/wp-content\/uploads\/2026\/01\/Dongle-02-scaled.jpg","width":2560,"height":2560},{"@type":"BreadcrumbList","@id":"https:\/\/projetweb.site\/holtersuppliessas\/produit\/dongle-a-jetons-danalyse-avec-10-analyses-incluses\/#breadcrumb","itemListElement":[{"@type":"ListItem","position":1,"name":"Accueil","item":"https:\/\/projetweb.site\/holtersuppliessas\/"},{"@type":"ListItem","position":2,"name":"Boutique","item":"https:\/\/projetweb.site\/holtersuppliessas\/boutique\/"},{"@type":"ListItem","position":3,"name":"Dongle \u00e0 jetons d&#8217;analyse avec 10 analyses incluses"}]},{"@type":"WebSite","@id":"https:\/\/projetweb.site\/holtersuppliessas\/#website","url":"https:\/\/projetweb.site\/holtersuppliessas\/","name":"Holter Supplies SAS","description":"","publisher":{"@id":"https:\/\/projetweb.site\/holtersuppliessas\/#organization"},"potentialAction":[{"@type":"SearchAction","target":{"@type":"EntryPoint","urlTemplate":"https:\/\/projetweb.site\/holtersuppliessas\/?s={search_term_string}"},"query-input":{"@type":"PropertyValueSpecification","valueRequired":true,"valueName":"search_term_string"}}],"inLanguage":"fr-FR"},{"@type":"Organization","@id":"https:\/\/projetweb.site\/holtersuppliessas\/#organization","name":"Holter Supplies SAS","url":"https:\/\/projetweb.site\/holtersuppliessas\/","logo":{"@type":"ImageObject","inLanguage":"fr-FR","@id":"https:\/\/projetweb.site\/holtersuppliessas\/#\/schema\/logo\/image\/","url":"https:\/\/projetweb.site\/holtersuppliessas\/wp-content\/uploads\/2025\/12\/cropped-logo-holter-supplies@2x.webp","contentUrl":"https:\/\/projetweb.site\/holtersuppliessas\/wp-content\/uploads\/2025\/12\/cropped-logo-holter-supplies@2x.webp","width":512,"height":512,"caption":"Holter Supplies SAS"},"image":{"@id":"https:\/\/projetweb.site\/holtersuppliessas\/#\/schema\/logo\/image\/"},"sameAs":["https:\/\/www.linkedin.com\/company\/holter-supplies-sas\/","https:\/\/www.youtube.com\/@holtersupplies3740"]}]}},"_links":{"self":[{"href":"https:\/\/projetweb.site\/holtersuppliessas\/wp-json\/wp\/v2\/product\/1432","targetHints":{"allow":["GET"]}}],"collection":[{"href":"https:\/\/projetweb.site\/holtersuppliessas\/wp-json\/wp\/v2\/product"}],"about":[{"href":"https:\/\/projetweb.site\/holtersuppliessas\/wp-json\/wp\/v2\/types\/product"}],"replies":[{"embeddable":true,"href":"https:\/\/projetweb.site\/holtersuppliessas\/wp-json\/wp\/v2\/comments?post=1432"}],"wp:featuredmedia":[{"embeddable":true,"href":"https:\/\/projetweb.site\/holtersuppliessas\/wp-json\/wp\/v2\/media\/1433"}],"wp:attachment":[{"href":"https:\/\/projetweb.site\/holtersuppliessas\/wp-json\/wp\/v2\/media?parent=1432"}],"wp:term":[{"taxonomy":"product_brand","embeddable":true,"href":"https:\/\/projetweb.site\/holtersuppliessas\/wp-json\/wp\/v2\/product_brand?post=1432"},{"taxonomy":"product_cat","embeddable":true,"href":"https:\/\/projetweb.site\/holtersuppliessas\/wp-json\/wp\/v2\/product_cat?post=1432"},{"taxonomy":"product_tag","embeddable":true,"href":"https:\/\/projetweb.site\/holtersuppliessas\/wp-json\/wp\/v2\/product_tag?post=1432"}],"curies":[{"name":"wp","href":"https:\/\/api.w.org\/{rel}","templated":true}]}}