{"id":281,"date":"2025-02-03T16:05:48","date_gmt":"2025-02-03T15:05:48","guid":{"rendered":"https:\/\/projetweb.site\/holtersuppliessas\/?post_type=product&#038;p=281"},"modified":"2026-01-08T13:53:43","modified_gmt":"2026-01-08T12:53:43","slug":"logiciel-quick-reader-1-seul-utilisateur","status":"publish","type":"product","link":"https:\/\/projetweb.site\/holtersuppliessas\/produit\/logiciel-quick-reader-1-seul-utilisateur\/","title":{"rendered":"Logiciel Quick Reader (1 seul utilisateur)"},"content":{"rendered":"<p><em><strong>Dongle \/ licence soft holter permanent \/ Abonnement<\/strong><\/em><\/p>\n<p>Analyse du signal, analyse du rythme, analyse du ST, \u00e9dition et correction des familles, des \u00e9v\u00e9nements, histogrammes, r\u00e9daction conclusion, impression du rapport g\u00e9n\u00e9ral.<\/p>\n<p>Analyses compl\u00e9mentaires:<\/p>\n<p>&#8211; Intervalles PR et QT<\/p>\n<p>&#8211; Variabilit\u00e9 sinusale temporelle et fr\u00e9quentielle. La p\u00e9riode analys\u00e9e peut \u00eatre choisie de 15\u2019 \u00e0 la dur\u00e9e de l\u2019enregistrement.Impression des r\u00e9sultats \u00e0 la demande.<\/p>\n<p>&#8211; Pace-Maker: recherche des spikes sur l\u2019ECG et classification automatique des QRS entrain\u00e9s. Analyse des modes de fonctionnement et des intervalles spikes-spikes (rythme spontan\u00e9,mono ou double chambre).<\/p>\n<p>Possibilit\u00e9 d&#8217;exporter les donn\u00e9es,<\/p>\n<p>&nbsp;<\/p>\n<p>Le logiciel capable d&#8217;exploiter les enregistrements Holter longue dur\u00e9e, jusqu&#8217;\u00e0 21 jours.<\/p>\n<p>Nouvelle version 2,10 du logiciel int\u00e9grant toutes les options d&#8217;analyse et la possibilit\u00e9 de choisir entre 3 utilisations:<br \/>\n&#8211; licence permanente<br \/>\n-licence par abonnement annuel<\/p>\n","protected":false},"excerpt":{"rendered":"<p>Dongle \/ licence soft holter permanent \/ Abonnement Analyse du signal, analyse du rythme, analyse du ST, \u00e9dition et correction des familles, des \u00e9v\u00e9nements, histogrammes, r\u00e9daction conclusion, impression du rapport g\u00e9n\u00e9ral. Analyses compl\u00e9mentaires: &#8211; Intervalles PR et QT &#8211; Variabilit\u00e9 sinusale temporelle et fr\u00e9quentielle. La p\u00e9riode analys\u00e9e peut \u00eatre choisie de 15\u2019 \u00e0 la dur\u00e9e [&hellip;]<\/p>\n","protected":false},"featured_media":403,"comment_status":"open","ping_status":"closed","template":"","meta":{"_jet_sm_ready_style":"","_jet_sm_style":"","_jet_sm_controls_values":"","_jet_sm_fonts_collection":"","_jet_sm_fonts_links":""},"product_brand":[],"product_cat":[15,23],"product_tag":[],"class_list":{"0":"post-281","1":"product","2":"type-product","3":"status-publish","4":"has-post-thumbnail","6":"product_cat-ecg","7":"product_cat-logiciel-quick-reader","9":"first","10":"instock","11":"shipping-taxable","12":"purchasable","13":"product-type-variable"},"yoast_head":"<!-- This site is optimized with the Yoast SEO plugin v26.7 - https:\/\/yoast.com\/wordpress\/plugins\/seo\/ -->\n<title>Logiciel Quick Reader (1 seul utilisateur) - Holter Supplies SAS<\/title>\n<meta name=\"robots\" content=\"index, follow, max-snippet:-1, max-image-preview:large, max-video-preview:-1\" \/>\n<link rel=\"canonical\" href=\"https:\/\/projetweb.site\/holtersuppliessas\/produit\/logiciel-quick-reader-1-seul-utilisateur\/\" \/>\n<meta property=\"og:locale\" content=\"fr_FR\" \/>\n<meta property=\"og:type\" content=\"article\" \/>\n<meta property=\"og:title\" content=\"Logiciel Quick Reader (1 seul utilisateur) - Holter Supplies SAS\" \/>\n<meta property=\"og:description\" content=\"Dongle \/ licence soft holter permanent \/ Abonnement Analyse du signal, analyse du rythme, analyse du ST, \u00e9dition et correction des familles, des \u00e9v\u00e9nements, histogrammes, r\u00e9daction conclusion, impression du rapport g\u00e9n\u00e9ral. Analyses compl\u00e9mentaires: &#8211; Intervalles PR et QT &#8211; Variabilit\u00e9 sinusale temporelle et fr\u00e9quentielle. La p\u00e9riode analys\u00e9e peut \u00eatre choisie de 15\u2019 \u00e0 la dur\u00e9e [&hellip;]\" \/>\n<meta property=\"og:url\" content=\"https:\/\/projetweb.site\/holtersuppliessas\/produit\/logiciel-quick-reader-1-seul-utilisateur\/\" \/>\n<meta property=\"og:site_name\" content=\"Holter Supplies SAS\" \/>\n<meta property=\"article:modified_time\" content=\"2026-01-08T12:53:43+00:00\" \/>\n<meta property=\"og:image\" content=\"https:\/\/projetweb.site\/holtersuppliessas\/wp-content\/uploads\/2025\/12\/produit_quick-reader.jpg\" \/>\n\t<meta property=\"og:image:width\" content=\"900\" \/>\n\t<meta property=\"og:image:height\" content=\"900\" \/>\n\t<meta property=\"og:image:type\" content=\"image\/jpeg\" \/>\n<meta name=\"twitter:card\" content=\"summary_large_image\" \/>\n<meta name=\"twitter:label1\" content=\"Dur\u00e9e de lecture estim\u00e9e\" \/>\n\t<meta name=\"twitter:data1\" content=\"1 minute\" \/>\n<script type=\"application\/ld+json\" class=\"yoast-schema-graph\">{\"@context\":\"https:\/\/schema.org\",\"@graph\":[{\"@type\":\"WebPage\",\"@id\":\"https:\/\/projetweb.site\/holtersuppliessas\/produit\/logiciel-quick-reader-1-seul-utilisateur\/\",\"url\":\"https:\/\/projetweb.site\/holtersuppliessas\/produit\/logiciel-quick-reader-1-seul-utilisateur\/\",\"name\":\"Logiciel Quick Reader (1 seul utilisateur) - Holter Supplies SAS\",\"isPartOf\":{\"@id\":\"https:\/\/projetweb.site\/holtersuppliessas\/#website\"},\"primaryImageOfPage\":{\"@id\":\"https:\/\/projetweb.site\/holtersuppliessas\/produit\/logiciel-quick-reader-1-seul-utilisateur\/#primaryimage\"},\"image\":{\"@id\":\"https:\/\/projetweb.site\/holtersuppliessas\/produit\/logiciel-quick-reader-1-seul-utilisateur\/#primaryimage\"},\"thumbnailUrl\":\"https:\/\/projetweb.site\/holtersuppliessas\/wp-content\/uploads\/2025\/12\/produit_quick-reader.jpg\",\"datePublished\":\"2025-02-03T15:05:48+00:00\",\"dateModified\":\"2026-01-08T12:53:43+00:00\",\"breadcrumb\":{\"@id\":\"https:\/\/projetweb.site\/holtersuppliessas\/produit\/logiciel-quick-reader-1-seul-utilisateur\/#breadcrumb\"},\"inLanguage\":\"fr-FR\",\"potentialAction\":[{\"@type\":\"ReadAction\",\"target\":[\"https:\/\/projetweb.site\/holtersuppliessas\/produit\/logiciel-quick-reader-1-seul-utilisateur\/\"]}]},{\"@type\":\"ImageObject\",\"inLanguage\":\"fr-FR\",\"@id\":\"https:\/\/projetweb.site\/holtersuppliessas\/produit\/logiciel-quick-reader-1-seul-utilisateur\/#primaryimage\",\"url\":\"https:\/\/projetweb.site\/holtersuppliessas\/wp-content\/uploads\/2025\/12\/produit_quick-reader.jpg\",\"contentUrl\":\"https:\/\/projetweb.site\/holtersuppliessas\/wp-content\/uploads\/2025\/12\/produit_quick-reader.jpg\",\"width\":900,\"height\":900},{\"@type\":\"BreadcrumbList\",\"@id\":\"https:\/\/projetweb.site\/holtersuppliessas\/produit\/logiciel-quick-reader-1-seul-utilisateur\/#breadcrumb\",\"itemListElement\":[{\"@type\":\"ListItem\",\"position\":1,\"name\":\"Accueil\",\"item\":\"https:\/\/projetweb.site\/holtersuppliessas\/\"},{\"@type\":\"ListItem\",\"position\":2,\"name\":\"Boutique\",\"item\":\"https:\/\/projetweb.site\/holtersuppliessas\/boutique\/\"},{\"@type\":\"ListItem\",\"position\":3,\"name\":\"Logiciel Quick Reader (1 seul utilisateur)\"}]},{\"@type\":\"WebSite\",\"@id\":\"https:\/\/projetweb.site\/holtersuppliessas\/#website\",\"url\":\"https:\/\/projetweb.site\/holtersuppliessas\/\",\"name\":\"Holter Supplies SAS\",\"description\":\"\",\"publisher\":{\"@id\":\"https:\/\/projetweb.site\/holtersuppliessas\/#organization\"},\"potentialAction\":[{\"@type\":\"SearchAction\",\"target\":{\"@type\":\"EntryPoint\",\"urlTemplate\":\"https:\/\/projetweb.site\/holtersuppliessas\/?s={search_term_string}\"},\"query-input\":{\"@type\":\"PropertyValueSpecification\",\"valueRequired\":true,\"valueName\":\"search_term_string\"}}],\"inLanguage\":\"fr-FR\"},{\"@type\":\"Organization\",\"@id\":\"https:\/\/projetweb.site\/holtersuppliessas\/#organization\",\"name\":\"Holter Supplies SAS\",\"url\":\"https:\/\/projetweb.site\/holtersuppliessas\/\",\"logo\":{\"@type\":\"ImageObject\",\"inLanguage\":\"fr-FR\",\"@id\":\"https:\/\/projetweb.site\/holtersuppliessas\/#\/schema\/logo\/image\/\",\"url\":\"https:\/\/projetweb.site\/holtersuppliessas\/wp-content\/uploads\/2025\/12\/cropped-logo-holter-supplies@2x.webp\",\"contentUrl\":\"https:\/\/projetweb.site\/holtersuppliessas\/wp-content\/uploads\/2025\/12\/cropped-logo-holter-supplies@2x.webp\",\"width\":512,\"height\":512,\"caption\":\"Holter Supplies SAS\"},\"image\":{\"@id\":\"https:\/\/projetweb.site\/holtersuppliessas\/#\/schema\/logo\/image\/\"},\"sameAs\":[\"https:\/\/www.linkedin.com\/company\/holter-supplies-sas\/\",\"https:\/\/www.youtube.com\/@holtersupplies3740\"]}]}<\/script>\n<!-- \/ Yoast SEO plugin. -->","yoast_head_json":{"title":"Logiciel Quick Reader (1 seul utilisateur) - Holter Supplies SAS","robots":{"index":"index","follow":"follow","max-snippet":"max-snippet:-1","max-image-preview":"max-image-preview:large","max-video-preview":"max-video-preview:-1"},"canonical":"https:\/\/projetweb.site\/holtersuppliessas\/produit\/logiciel-quick-reader-1-seul-utilisateur\/","og_locale":"fr_FR","og_type":"article","og_title":"Logiciel Quick Reader (1 seul utilisateur) - Holter Supplies SAS","og_description":"Dongle \/ licence soft holter permanent \/ Abonnement Analyse du signal, analyse du rythme, analyse du ST, \u00e9dition et correction des familles, des \u00e9v\u00e9nements, histogrammes, r\u00e9daction conclusion, impression du rapport g\u00e9n\u00e9ral. Analyses compl\u00e9mentaires: &#8211; Intervalles PR et QT &#8211; Variabilit\u00e9 sinusale temporelle et fr\u00e9quentielle. La p\u00e9riode analys\u00e9e peut \u00eatre choisie de 15\u2019 \u00e0 la dur\u00e9e [&hellip;]","og_url":"https:\/\/projetweb.site\/holtersuppliessas\/produit\/logiciel-quick-reader-1-seul-utilisateur\/","og_site_name":"Holter Supplies SAS","article_modified_time":"2026-01-08T12:53:43+00:00","og_image":[{"width":900,"height":900,"url":"https:\/\/projetweb.site\/holtersuppliessas\/wp-content\/uploads\/2025\/12\/produit_quick-reader.jpg","type":"image\/jpeg"}],"twitter_card":"summary_large_image","twitter_misc":{"Dur\u00e9e de lecture estim\u00e9e":"1 minute"},"schema":{"@context":"https:\/\/schema.org","@graph":[{"@type":"WebPage","@id":"https:\/\/projetweb.site\/holtersuppliessas\/produit\/logiciel-quick-reader-1-seul-utilisateur\/","url":"https:\/\/projetweb.site\/holtersuppliessas\/produit\/logiciel-quick-reader-1-seul-utilisateur\/","name":"Logiciel Quick Reader (1 seul utilisateur) - Holter Supplies SAS","isPartOf":{"@id":"https:\/\/projetweb.site\/holtersuppliessas\/#website"},"primaryImageOfPage":{"@id":"https:\/\/projetweb.site\/holtersuppliessas\/produit\/logiciel-quick-reader-1-seul-utilisateur\/#primaryimage"},"image":{"@id":"https:\/\/projetweb.site\/holtersuppliessas\/produit\/logiciel-quick-reader-1-seul-utilisateur\/#primaryimage"},"thumbnailUrl":"https:\/\/projetweb.site\/holtersuppliessas\/wp-content\/uploads\/2025\/12\/produit_quick-reader.jpg","datePublished":"2025-02-03T15:05:48+00:00","dateModified":"2026-01-08T12:53:43+00:00","breadcrumb":{"@id":"https:\/\/projetweb.site\/holtersuppliessas\/produit\/logiciel-quick-reader-1-seul-utilisateur\/#breadcrumb"},"inLanguage":"fr-FR","potentialAction":[{"@type":"ReadAction","target":["https:\/\/projetweb.site\/holtersuppliessas\/produit\/logiciel-quick-reader-1-seul-utilisateur\/"]}]},{"@type":"ImageObject","inLanguage":"fr-FR","@id":"https:\/\/projetweb.site\/holtersuppliessas\/produit\/logiciel-quick-reader-1-seul-utilisateur\/#primaryimage","url":"https:\/\/projetweb.site\/holtersuppliessas\/wp-content\/uploads\/2025\/12\/produit_quick-reader.jpg","contentUrl":"https:\/\/projetweb.site\/holtersuppliessas\/wp-content\/uploads\/2025\/12\/produit_quick-reader.jpg","width":900,"height":900},{"@type":"BreadcrumbList","@id":"https:\/\/projetweb.site\/holtersuppliessas\/produit\/logiciel-quick-reader-1-seul-utilisateur\/#breadcrumb","itemListElement":[{"@type":"ListItem","position":1,"name":"Accueil","item":"https:\/\/projetweb.site\/holtersuppliessas\/"},{"@type":"ListItem","position":2,"name":"Boutique","item":"https:\/\/projetweb.site\/holtersuppliessas\/boutique\/"},{"@type":"ListItem","position":3,"name":"Logiciel Quick Reader (1 seul utilisateur)"}]},{"@type":"WebSite","@id":"https:\/\/projetweb.site\/holtersuppliessas\/#website","url":"https:\/\/projetweb.site\/holtersuppliessas\/","name":"Holter Supplies SAS","description":"","publisher":{"@id":"https:\/\/projetweb.site\/holtersuppliessas\/#organization"},"potentialAction":[{"@type":"SearchAction","target":{"@type":"EntryPoint","urlTemplate":"https:\/\/projetweb.site\/holtersuppliessas\/?s={search_term_string}"},"query-input":{"@type":"PropertyValueSpecification","valueRequired":true,"valueName":"search_term_string"}}],"inLanguage":"fr-FR"},{"@type":"Organization","@id":"https:\/\/projetweb.site\/holtersuppliessas\/#organization","name":"Holter Supplies SAS","url":"https:\/\/projetweb.site\/holtersuppliessas\/","logo":{"@type":"ImageObject","inLanguage":"fr-FR","@id":"https:\/\/projetweb.site\/holtersuppliessas\/#\/schema\/logo\/image\/","url":"https:\/\/projetweb.site\/holtersuppliessas\/wp-content\/uploads\/2025\/12\/cropped-logo-holter-supplies@2x.webp","contentUrl":"https:\/\/projetweb.site\/holtersuppliessas\/wp-content\/uploads\/2025\/12\/cropped-logo-holter-supplies@2x.webp","width":512,"height":512,"caption":"Holter Supplies SAS"},"image":{"@id":"https:\/\/projetweb.site\/holtersuppliessas\/#\/schema\/logo\/image\/"},"sameAs":["https:\/\/www.linkedin.com\/company\/holter-supplies-sas\/","https:\/\/www.youtube.com\/@holtersupplies3740"]}]}},"_links":{"self":[{"href":"https:\/\/projetweb.site\/holtersuppliessas\/wp-json\/wp\/v2\/product\/281","targetHints":{"allow":["GET"]}}],"collection":[{"href":"https:\/\/projetweb.site\/holtersuppliessas\/wp-json\/wp\/v2\/product"}],"about":[{"href":"https:\/\/projetweb.site\/holtersuppliessas\/wp-json\/wp\/v2\/types\/product"}],"replies":[{"embeddable":true,"href":"https:\/\/projetweb.site\/holtersuppliessas\/wp-json\/wp\/v2\/comments?post=281"}],"wp:featuredmedia":[{"embeddable":true,"href":"https:\/\/projetweb.site\/holtersuppliessas\/wp-json\/wp\/v2\/media\/403"}],"wp:attachment":[{"href":"https:\/\/projetweb.site\/holtersuppliessas\/wp-json\/wp\/v2\/media?parent=281"}],"wp:term":[{"taxonomy":"product_brand","embeddable":true,"href":"https:\/\/projetweb.site\/holtersuppliessas\/wp-json\/wp\/v2\/product_brand?post=281"},{"taxonomy":"product_cat","embeddable":true,"href":"https:\/\/projetweb.site\/holtersuppliessas\/wp-json\/wp\/v2\/product_cat?post=281"},{"taxonomy":"product_tag","embeddable":true,"href":"https:\/\/projetweb.site\/holtersuppliessas\/wp-json\/wp\/v2\/product_tag?post=281"}],"curies":[{"name":"wp","href":"https:\/\/api.w.org\/{rel}","templated":true}]}}